hest common factor of z and r?
7
Suppose -6*u - 2 = -7*u - u. Let t be (-224)/(-98) + (-2)/7. Calculate the greatest common factor of u and t.
1
Let v = -25 + 55. Let c = 29 - 16. Let n = 33 - c. Calculate the greatest common divisor of v and n.
10
Let h be -29*(5 + -2 + -5). Let z = h - 36. Suppose -3*a = -3*w + 105, 3*w + 2*w - 171 = 3*a. Calculate the greatest common divisor of z and w.
11
Let v be (6 - 100/(-8))*18. Let l = v + 63. Let y be ((-72)/(-14))/((-2)/(-14)). What is the highest common divisor of y and l?
36
Suppose -5 = 5*s, -s + 3*s = -2*w + 1588. Suppose -7*d + 1095 + w = 0. Calculate the highest common divisor of d and 30.
30
Suppose 849 = 5*f - p, -f = 4*f + 3*p - 833. Let h = f + -124. Calculate the greatest common factor of h and 30.
15
Suppose -2*s + 426 = -5*d, -1257*s - 4*d - 204 = -1258*s. Let t(r) = 2*r**2 - 2*r. Let a be t(3). Calculate the highest common factor of s and a.
12
Let n(x) = x**3 + x**2 - x - 1. Let p be n(1). Suppose 2 = -2*q, -16*v + 11*v + q + 186 = p. What is the greatest common factor of 407 and v?
37
Let j be 250/9 + 8/36. Suppose 0 = 9*c - 13*c + 2*f + 898, -2*c = -3*f - 451. Calculate the highest common factor of j and c.
28
Let o be (-1002)/(-21) - 387/(-301). Calculate the highest common divisor of 931 and o.
49
Let v = 6235 + -6070. Calculate the greatest common factor of 1265 and v.
55
Let r(o) = -7*o**2 - 3*o + 5*o**2 - 6 + 7*o**2. Let n be r(-2). Suppose -2*p - 3*p - n = 0, -p - 36 = -4*u. What is the greatest common divisor of u and 72?
8
Let o(y) = 2*y**3. Let w be o(1). Let g = 24402 - 24348. What is the highest common factor of g and w?
2
Let o(q) = -105*q - 78. Let n be o(-6). Suppose -5*i + n = -638. What is the greatest common divisor of i and 7?
7
Suppose -f + 2*u + 28 = 0, -u + 86 + 26 = 3*f. Suppose 0 = -219*o + 1815 + 1689. What is the greatest common factor of f and o?
4
Let b(p) = -214*p + 165. Let c be b(-15). Suppose -9*w + 0*w + c = 0. What is the greatest common divisor of w and 25?
25
Suppose 213*w = 214*w + 5*c - 180, 480 = 3*w - 5*c. Calculate the highest common factor of w and 3333.
33
Let o be (-2)/4 + 17/(-2). Let q = o - -7. Let s be ((-2)/4)/(q/40) + 2. Calculate the greatest common divisor of 12 and s.
12
Let h(t) = t**2 - 6*t + 8. Let o be h(7). Suppose 0 = 3*b + l - 0*l - 799, 5*l = -2*b + 511. Let m = b - 118. What is the greatest common factor of o and m?
15
Let x be 45 + 5 + (-6)/6. Let c = -39 + x. Let q(i) = 2*i**3 - i**2 - 2*i + 2. Let r be q(2). Calculate the highest common factor of c and r.
10
Let c be (-280862)/(-30) + (-244)/3660. What is the highest common divisor of 2416 and c?
302
Suppose 2*w + 18 = 2*p, 0 = 8*w - 4*w - 16. Calculate the highest common divisor of 5941 and p.
13
Let a = -80 - -170. Let w(n) = n**2 + 189*n + 5390. Let l be w(-155). Calculate the greatest common divisor of a and l.
30
Let z = 1053 + -367. Suppose 0 = -5*w + 10*r - 11*r + 1701, 2*w - r = z. What is the highest common factor of w and 22?
11
Suppose 0 = -4*n - 11 - 5, 0 = 4*d + n - 80. Let s = 31 + 116. What is the greatest common factor of s and d?
21
Suppose 7*m - 4*m = 30. Let h(l) = -l**3 + 2*l**2 + 8*l + 11. Let n be h(-5). Let j be 161/21 + -7 + n/6. What is the highest common divisor of j and m?
5
Let d be -3 + 6 + (-280)/(-10). What is the highest common divisor of d and 4309?
31
Suppose 20 = 5*f + 3*r, -7 - 17 = -2*f + 2*r. Suppose -f*b - 4235 = -14*b. What is the highest common divisor of 55 and b?
55
Let z(j) = j**2 + 5*j - 11. Let b be z(-7). Suppose 0 = b*u - u - 2. Let r be 76/u + (-9)/(-9). What is the highest common divisor of 7 and r?
7
Let p(r) = -16*r**3 + 47*r**2 + 17*r - 25. Let o be p(3). Suppose 0 = -5*k - 4*g - 7 + 17, -5*k + 4*g = -10. What is the highest common factor of o and k?
1
Suppose 5 = -h + 2. Let y(j) = j**2 - 2*j - 3. Let d be y(h). Let l be (23/5 - 24/15)/(2/12). What is the highest common factor of d and l?
6
Suppose -3*l - 2*b - 13560 = 0, 3*l + 16133 = b + 2564. Let k be 2/3 - l/21. Suppose 0 = -29*q + 23*q + k. Calculate the greatest common factor of 54 and q.
18
Suppose -50*k - 173*k = -23415. What is the highest common divisor of k and 4380?
15
Let n(u) = 5*u + 91. Let x be n(-15). Suppose -28 = s + 5*i, 4*s + 4*i + 5 = -59. Let c = s + x. What is the highest common factor of c and 9?
3
Let u be 23/((-230)/60) - -56. What is the highest common factor of 670 and u?
10
Let k(g) = g**3 - 5*g**2 + 6*g + 3. Let c be k(6). Suppose -179*h + 182*h - c = 0. Calculate the greatest common factor of 200 and h.
25
Let i be ((-36)/(-14))/(-18 + 29049/1610). Calculate the highest common factor of i and 630.
30
Let s = -4835 - -4840. What is the highest common divisor of 29 and s?
1
Suppose -3*q + 4*z - 1 = 0, -4*z = -0 - 4. Suppose -48*x = 3*u - 47*x - 15, -3*x - 10 = -2*u. What is the highest common factor of q and u?
1
Suppose -2*n - u + 11 = 2*n, 5*n + 6*u - 28 = 0. Suppose -216 = -w - n*w. Calculate the greatest common factor of 18 and w.
18
Suppose 5*n = 4*m + 2*n - 33, m = -2*n + 22. Let p be ((-113)/(-3) - m/(-12))*3. What is the greatest common divisor of p and 406?
58
Suppose -5535 = -211*v - 158*v. Calculate the greatest common factor of v and 6455.
5
Let s(w) = 46*w**2 - 74*w + 76. Let o be s(1). What is the highest common divisor of o and 2352?
48
Let m = 35 - 20. Let i be 20/16 + 10675/244. What is the highest common factor of m and i?
15
Let s(p) = 10*p**3 - 2*p**2 + 2*p - 24. Let w be s(3). What is the highest common factor of 104 and w?
26
Let b(r) = 2*r - 2. Let u be b(5). Let p be (-5)/((-2450)/(-2352)*(-2)/110). Calculate the highest common factor of p and u.
8
Let r = -378 - -381. Suppose -m - 5*b - 16 = 0, -2*b - 35 = -0*m + 3*m. Let g = 13 + m. What is the highest common divisor of g and r?
1
Let x(r) = -r**3 + 44*r**2 - r + 46. Let j be x(44). Suppose 0 = -5*s + 5*l - l + 436, -4*s = j*l - 354. Calculate the highest common divisor of s and 484.
44
Suppose -5123 + 9702 = 10*c - 8861. Calculate the highest common divisor of 288 and c.
96
Let l be (2/(-4))/((-16)/(-288)). Let s be 6/l - (-58)/6. Suppose -q = s*q - 10. Calculate the highest common divisor of q and 2.
1
Let v = 13506 + -3954. Calculate the greatest common divisor of v and 48.
48
Let g = 77 + -75. Suppose -52 = -d + 3*k, 8*d = 5*d - g*k + 200. What is the greatest common factor of 576 and d?
64
Let d(k) = 5*k**2 - 6*k + 13. Let w be d(3). Let y(q) = -100 + w + 41 + q**2 + 5*q. Let l be y(-8). Calculate the greatest common factor of 5 and l.
5
Let j(o) = -10*o + 71. Let z = -190 - -197. Let b be j(z). Calculate the highest common factor of b and 31.
1
Suppose 2*s + 4*b - 754 = 0, 9*s - 1134 = 6*s - 3*b. Let j = s - 367. Calculate the greatest common divisor of 138 and j.
6
Let c(h) = 6*h**3 + 11*h**2 + 74*h - 644. Let s be c(8). What is the greatest common factor of s and 380?
76
Suppose -87*y = -108*y + 8568. Calculate the highest common divisor of y and 1496.
136
Let n be -13 - (9 + -22) - -777. Calculate the highest common divisor of n and 56.
7
Let f be -1 + -12*((-132)/(-8))/(-11). Let v(t) = 3*t**2 - 48*t - 24. Let q be v(f). Calculate the greatest common factor of 27 and q.
27
Let a(v) = -74*v**2 - 4*v + 3. Let d be a(1). Let t = 534 + d. What is the greatest common divisor of 17 and t?
17
Let a(l) = -2*l**2 + l**2 + 24*l - 7 - 2 - 2*l. Suppose 41 = 7*k - 106. Let w be a(k). What is the highest common divisor of 48 and w?
12
Suppose 3*s + 1764 = -4*s. Let j = 112 - s. What is the highest common divisor of j and 52?
52
Let j be 2 - -2288 - (-1 + -4 - -1). What is the greatest common factor of j and 62?
62
Let m(f) = f**3 - 5*f**2 + 5*f - 5. Let x be m(3). Let j(z) = -4*z - 1. Let k be j(x). What is the highest common divisor of k and 496?
31
Let o(n) = -17*n + 80. Let z be o(-15). Suppose 4 = -r - p + 87, 4*r = -5*p + z. What is the highest common divisor of 16 and r?
16
Let u = 74 + -70. Let y be 61910/369 + u/18. What is the greatest common divisor of y and 60?
12
Suppose z - 18 = 3*u, 33*u - 17 = z + 37*u. Suppose w + z = 0, -370 = -6*p + p - 5*w. Calculate the greatest common divisor of p and 22.
11
Suppose 0 = 3*f - 12, 112 = 4*v + f - 2*f. Suppose 31*m + 5*k = v*m + 53, 0 = 4*m + 2*k - 66. Calculate the highest common factor of m and 8.
2
Suppose